s 1590 + -92213?
-90623
In base 8, what is -427406 - -12?
-427374
In base 13, what is -11c0a + -1481?
-1338b
In base 5, what is 1320001 + -32330?
1232121
In base 5, what is 32400 + -3302011?
-3214111
In base 4, what is -13 - 220300033301?
-220300033320
In base 14, what is 0 + -342916?
-342916
In base 12, what is -25 - -2a57002?
2a56b99
In base 16, what is 2b6bf + -b90?
2ab2f
In base 12, what is 17904 + -93?
17831
In base 8, what is -22532567166 - -1?
-22532567165
In base 3, what is -1122002222221211 - 11?
-1122002222221222
In base 12, what is -1 - 8169948?
-8169949
In base 5, what is 2413 + 11434?
14402
In base 13, what is 22 + -743b7?
-74395
In base 4, what is -12 - -101101333?
101101321
In base 9, what is 732582 + -4?
732577
In base 16, what is 5de49a - 0?
5de49a
In base 12, what is -996 - 21a68?
-22842
In base 13, what is -109a03 - -34?
-10999c
In base 7, what is 5 - -266062056?
266062064
In base 9, what is 10405 - 35?
10360
In base 8, what is 2533324 + 33?
2533357
In base 10, what is 10452 + 1627?
12079
In base 3, what is 1100212122110 + -100200?
1100212021210
In base 2, what is 111 + 101010001000011010100101?
101010001000011010101100
In base 9, what is 8 - -65526141?
65526150
In base 14, what is -3a19 - 1880?
-5499
In base 16, what is 1 + a6514?
a6515
In base 8, what is 3741 - 127021?
-123060
In base 14, what is -4 - -1ddac3?
1ddabd
In base 5, what is -12 - 411033134?
-411033201
In base 8, what is -2 + -2220434466?
-2220434470
In base 2, what is -11 + 1001101100100000000110?
1001101100100000000011
In base 9, what is -26057 - -3006?
-23051
In base 15, what is -11 + 20901?
208e0
In base 5, what is 1232423430210 + -2?
1232423430203
In base 12, what is 37b5 + 1513?
5108
In base 16, what is -1da - -252d0?
250f6
In base 14, what is 0 + -b186303?
-b186303
In base 7, what is -34 - 315113?
-315150
In base 15, what is -a7 + -20c6b?
-20d23
In base 8, what is -10406172 + 33?
-10406137
In base 2, what is 1001010 - 10001001101000111?
-10001001011111101
In base 6, what is 41232410 + 0?
41232410
In base 7, what is 103251455 + -4?
103251451
In base 14, what is -2b018c - -71?
-2b011b
In base 2, what is -1011000100010100100101011101 - 11?
-1011000100010100100101100000
In base 6, what is 1502 - -135303?
141205
In base 14, what is 7 - -15cb8c?
15cb95
In base 9, what is -7740 - -3471?
-4258
In base 15, what is -4be2ad + -1?
-4be2ae
In base 5, what is 22 + -242121230?
-242121203
In base 5, what is -213341013333 - -1?
-213341013332
In base 5, what is -1233203 - -10003?
-1223200
In base 12, what is 2 - -1564490?
1564492
In base 4, what is 1301113 + -2303200?
-1002021
In base 10, what is -162 - 1862360?
-1862522
In base 9, what is 77 + -8432?
-8344
In base 6, what is -443133 + -25522?
-513055
In base 3, what is 122102200210111 + -11?
122102200210100
In base 4, what is -1011222 - 220023300?
-221101122
In base 16, what is 1 - -403a45?
403a46
In base 5, what is 33000124 + 21303?
33021432
In base 14, what is -18b8b19 - -4?
-18b8b15
In base 15, what is -5 + 200b02?
200aec
In base 11, what is 7aa - 977?
-178
In base 9, what is -338 + -1766?
-2215
In base 14, what is 45029 - 18d?
44c7a
In base 7, what is 160433510 + -6?
160433501
In base 3, what is -11210111122220 - 2?
-11210111122222
In base 2, what is -11110111001000 - -1010100001110011?
110101010101011
In base 10, what is 267604189 - 2?
267604187
In base 10, what is 253 - 238814?
-238561
In base 5, what is -4 + 23040122442?
23040122433
In base 3, what is 22010100011221102 + -12?
22010100011221020
In base 15, what is -7e19dc - 9?
-7e19e6
In base 3, what is -2110000120010 - 22021?
-2110000212101
In base 9, what is 200 + -147117?
-146817
In base 11, what is 25294721 - -1?
25294722
In base 15, what is -47c - -1e9a?
1a1d
In base 5, what is -2044201 - 111410?
-2211111
In base 14, what is -133c46 + 17?
-133c2d
In base 9, what is -150 + 40871?
40721
In base 12, what is -1750a89b + 0?
-1750a89b
In base 13, what is -3b2 + 656?
274
In base 4, what is -2120110302011 - 11?
-2120110302022
In base 3, what is -10021 - -2222201211021?
2222201201000
In base 12, what is -1026b - -206?
-10065
In base 10, what is -101299098 - 1?
-101299099
In base 2, what is 11001100010001000011 + 11010010011?
11001100101011010110
In base 2, what is -100101111010001 + 111011110?
-100100111110011
In base 7, what is 314222043 + -4?
314222036
In base 6, what is -11251042 - -44?
-11250554
In base 5, what is 20310 - -403222?
424032
In base 3, what is -20000120221112 + 12?
-20000120221100
In base 11, what is -2387569 - a?
-2387578
In base 14, what is -b88b8d - -a?
-b88b83
In base 8, what is -42355 + -114342?
-156717
In base 11, what is -44382 - a07?
-45289
In base 3, what is -211201 - -11112022022120?
11112021110212
In base 3, what is 1202120 + 2120210?
11100100
In base 6, what is 3420403 - -25?
3420432
In base 14, what is -119 - 4b6a7?
-4b7c2
In base 6, what is -1004 + 53023343?
53022335
In base 12, what is -76487 - 151?
-76618
In base 5, what is -1220 - -1311400242?
1311344022
In base 14, what is 2543dc + -5?
2543d7
In base 6, what is -21555350 + -2?
-21555352
In base 16, what is -3ce74d - 3?
-3ce750
In base 5, what is -4432101213 + -10?
-4432101223
In base 11, what is 45677047 - 3?
45677044
In base 8, what is -437711 - -152?
-437537
In base 3, what is -10011211202202 - -1?
-10011211202201
In base 15, what is -209 - -5a9?
3a0
In base 10, what is 0 - -1391720?
1391720
In base 16, what is 5 + 15e37b?
15e380
In base 16, what is -109e81f + -2?
-109e821
In base 5, what is -1211 + -2110404?
-2112120
In base 2, what is 1010101001 - -10000010001010?
10001100110011
In base 8, what is 60563 + -134?
60427
In base 6, what is -211031215 - -1044?
-211030131
In base 8, what is 27 - 266411?
-266362
In base 7, what is 616243113 + 2?
616243115
In base 4, what is 3130130232032 + -1?
3130130232031
In base 2, what is -10001111100010111000 - -101000?
-10001111100010010000
In base 15, what is -122e1 + 472?
-11d6e
In base 2, what is -1000111010001111000000010110 + 11?
-1000111010001111000000010011
In base 5, what is 14231240314331 + -10?
14231240314321
In base 11, what is -12589 + -269?
-12847
In base 11, what is -a75591 - -16?
-a75576
In base 11, what is -36a8 + 1a066?
16469
In base 11, what is 3 - -26292551?
26292554
In base 3, what is -2002100202022 + -1100212?
-2002102010011
In base 8, what is 4414 + 14627?
21243
In base 10, what is 121974607 + 2?
121974609
In base 15, what is 31 - -5c07c?
5c0ad
In base 12, what is -1ab7 + -1834?
-372b
In base 9, what is 27163166 - -161?
27163337
In base 12, what is b05 + 121bb3?
122ab8
In base 10, what is -1670472 - 345?
-1670817
In base 4, what is -13113212021 - 11?
-13113212032
In base 12, what is -9 - 14662?
-1466b
In base 8, what is 1454 - 130177?
-126523
In base 9, what is 13455371 - 46?
13455324
In base 4, what is 3 - 21010113031?
-21010113022
In base 13, what is -4 + -26a81acb?
-26a81b02
In base 12, what is 1005 + -1090?
-87
In base 4, what is -13 + -322331020?
-322331033
In base 14, what is -b + -574d4c?
-574d59
In base 6, what is -12512 + 102232?
45320
In base 3, what is 11011111021010 - 2?
11011111021001
In base 12, what is -627 - 38805?
-39230
In base 4, what is 203123 + -1033023?
-223300
In base 3, what is 21221 + -1200010222222?
-1200010201001
In base 6, what is -1303 - 42035343?
-42041050
In base 13, what is -29 - 426a5?
-42701
In base 5, what is 22 - -440031441?
440032013
In base 2, what is 111101010 - 1001100111111110?
-1001100000010100
In base 13, what is -6b - 434b?
-43b9
In base 8, what is -2 + -240433727?
-240433731
In base 13, what is -539 + -b08?
-1344
In base 5, what is -2312144443 + -2?
-2312200000
In base 16, what is 41 - 2d1cf?
-2d18e
In base 8, what is -51230562 - 2?
-51230564
In base 12, what is 36490314 + 5?
36490319
In base 13, what is 94 + -4117b?
-410b7
In base 16, what is -1c62f + -b?
-1c63a
In base 4, what is -31302 - -2220123?
2122221
In base 16, what is 2 - -2ec2c2f?
2ec2c31
In base 11, what is 73085 - a6?
72a8a
In base 16, what is -52 + -201184?
-2011d6
In base 13, what is 9a602 - 56?
9a579
In base 10, what is -18258 + -1098?
-19356
In base 2, what is 111101 - -1111001000111001111?
1111001001000001100
In base 15, what is 2 - 4d8105?
-4d8103
In base 3, what is -11 + 122221101220001211?
122221101220001200